62348
In base 16, what is b8b1 + 1624?
ced5
In base 11, what is 11664 + 191a?
13483
In base 9, what is 151813 + 47?
151861
In base 6, what is -122 + 410503?
410341
In base 6, what is -5255545 + -4311?
-5304300
In base 8, what is 77774366 + 1?
77774367
In base 2, what is -101110010001110101 + -1010?
-101110010001111111
In base 5, what is 1012014402 - -32?
1012014434
In base 9, what is -827 + 7647?
6720
In base 15, what is -4 + 63c3520?
63c351b
In base 8, what is -1 - -64634604?
64634603
In base 3, what is -1120201212210201220 - 11?
-1120201212210202001
In base 4, what is -203010 + 32?
-202312
In base 7, what is 532235341 + 0?
532235341
In base 10, what is -48 - 1853621?
-1853669
In base 3, what is 10111001201 + 2012210?
10120021111
In base 12, what is 5 + -34b4053?
-34b404a
In base 13, what is -822aa55c + 0?
-822aa55c
In base 13, what is 0 + 41485a2?
41485a2
In base 14, what is 10a0 + 6841?
7901
In base 14, what is -267 - -19009?
18b82
In base 5, what is 4001232341 - -3?
4001232344
In base 16, what is -3b18 + 2ec4?
-c54
In base 9, what is -856 - -5126?
4160
In base 15, what is 75 - -16c67?
16cdc
In base 6, what is 1435315 - -151?
1435510
In base 10, what is 6 - -6887?
6893
In base 4, what is -1002 - -203311010?
203310002
In base 14, what is 367484 + 25?
3674a9
In base 11, what is -4a5944 + -8?
-4a5951
In base 9, what is -17 - -211025?
211007
In base 2, what is 110100101 - -10100010111000110?
10100011101101011
In base 2, what is 11 - 1100100101110111110100000?
-1100100101110111110011101
In base 11, what is -1439 + -2593?
-3a21
In base 15, what is 224ca + 267?
22742
In base 7, what is 3656625 - -2601?
3662526
In base 8, what is 47 + 700554?
700623
In base 14, what is 2 + 20919?
2091b
In base 15, what is 9617 - -19e6?
b10d
In base 16, what is 2 + 410b8?
410ba
In base 6, what is -11 + 344110130?
344110115
In base 15, what is 17b + -3c02?
-3a76
In base 6, what is 2321425 + 21133?
2343002
In base 10, what is 2 + -193382808?
-193382806
In base 9, what is 76 + 772257?
772344
In base 7, what is -124 - 252644?
-253101
In base 5, what is -110334 + 10003?
-100331
In base 11, what is -181174799 + -5?
-1811747a3
In base 9, what is 354837 + -37?
354800
In base 10, what is 561160 + -344?
560816
In base 14, what is -226 - 202ba1?
-202dc7
In base 9, what is 61 + -815742?
-815671
In base 8, what is -2 + -3474155?
-3474157
In base 11, what is -2231622 + 6a?
-2231563
In base 16, what is 24b + -10cde9?
-10cb9e
In base 8, what is 3720 + -12120?
-6200
In base 6, what is -4251 + -10052?
-14343
In base 8, what is 146 + 207455?
207623
In base 7, what is -66440216 + 31?
-66440155
In base 13, what is -91 + 133c35?
133b74
In base 16, what is -ca6c + -8f?
-cafb
In base 2, what is 1011 - -10000010100000111000100001?
10000010100000111000101100
In base 14, what is -40993a - 84?
-4099c0
In base 14, what is c5 + -c699?
-c5b4
In base 11, what is 5017 + 181?
5198
In base 7, what is 200 + -5035361?
-5035161
In base 8, what is -3172 - -11316?
6124
In base 14, what is ca0 - 2544?
-1684
In base 12, what is -957991 - 11?
-9579a2
In base 4, what is 100323033 - 230?
100322203
In base 4, what is -10 - -122110200133?
122110200123
In base 2, what is -10011 + 101001111001110011111000?
101001111001110011100101
In base 2, what is -11011 + 1101110010110000010101010?
1101110010110000010001111
In base 14, what is -2892034 - 0?
-2892034
In base 4, what is -130 + 2122130000?
2122123210
In base 4, what is -2 + -10132230021?
-10132230023
In base 7, what is 6033313 + 3?
6033316
In base 13, what is -16 + 4b665?
4b64c
In base 2, what is 10 - 111011110001110100111111?
-111011110001110100111101
In base 13, what is -29 - -91a26a?
91a241
In base 9, what is 4 - -453868211?
453868215
In base 11, what is 6539 + 202?
6740
In base 15, what is 1cb519 + 18?
1cb532
In base 10, what is -5346 - -5598?
252
In base 5, what is 1 - 34044340031?
-34044340030
In base 16, what is -ce5031 - -37?
-ce4ffa
In base 11, what is 8548 - -4260?
117a8
In base 16, what is -44 - 1fb1d1?
-1fb215
In base 16, what is 11a - 9b65?
-9a4b
In base 2, what is -10101100 - 101000000110010?
-101000011011110
In base 15, what is -141edd + -2e?
-14201c
In base 16, what is -17 - -18caf7?
18cae0
In base 3, what is 0 - 21222022012120010?
-21222022012120010
In base 11, what is -168a53 + -a4?
-169047
In base 15, what is -35 - 81043b?
-810471
In base 6, what is 2 - 311450131?
-311450125
In base 3, what is -1202210 + -221221122?
-1000201102
In base 2, what is 10111100100 + -1101100000111000?
-1101001001010100
In base 9, what is -6 + -37776062?
-37776068
In base 13, what is 5 - 20011564?
-2001155c
In base 15, what is -54 - 1226ad?
-122712
In base 12, what is 41400 + 55?
41455
In base 4, what is -110100010212 - 1?
-110100010213
In base 4, what is -231110 - 1211232211?
-1212123321
In base 8, what is 60512 - -23?
60535
In base 4, what is 231 - 2132212233?
-2132212002
In base 9, what is 3281 - 8423?
-5132
In base 3, what is 1220011010100 + 11212?
1220011022012
In base 11, what is 9 + -461a6a?
-461a61
In base 3, what is 1022 - -21202022020?
21202100112
In base 3, what is -221021011122 - 20122?
-221021102021
In base 13, what is 5a2 + 59750?
5a022
In base 16, what is -3d0b01 + -2?
-3d0b03
In base 3, what is -202110011221 - 2012?
-202110021010
In base 9, what is -8213 + -151023?
-160236
In base 4, what is -102022003100 - -12?
-102022003022
In base 16, what is -3691c0c + -3?
-3691c0f
In base 11, what is -142 - -59973?
59831
In base 6, what is -452133420 + 23?
-452133353
In base 14, what is 25406 + -ca9?
2453b
In base 5, what is -112 - -233204401?
233204234
In base 5, what is 4 - -224442404?
224442413
In base 5, what is 1 + 100410234331?
100410234332
In base 7, what is -130 - -653010?
652550
In base 13, what is 531c01c - 4?
531c018
In base 10, what is -657964 + -466?
-658430
In base 11, what is 65103a + -12?
651028
In base 10, what is 3266 + 1174?
4440
In base 7, what is 23054 + -1001?
22053
In base 3, what is -1101 + 2122020002200?
2122020001022
In base 3, what is 220010212 - 210100120?
2210022
In base 7, what is 0 + 1416505636?
1416505636
In base 7, what is -350644 + -25020?
-405664
In base 15, what is -13385 - 823?
-13ba8
In base 3, what is 2210100210 - -111020?
2210212000
In base 5, what is 20421 + -1011222?
-440301
In base 16, what is 6a + 46b8?
4722
In base 8, what is 416500322 + -1?
416500321
In base 6, what is -132055531 + 3?
-132055524
In base 2, what is -1000111 + 1011110011010?
1011101010011
In base 9, what is -2586 + 20808?
17212
In base 5, what is -4330004030 - 0?
-4330004030
In base 9, what is -5405 + 1238?
-4156
In base 8, what is 0 - 336141247?
-336141247
In base 15, what is -8 + 44c4cd1?
44c4cc8
In base 5, what is 200041041 - 1410?
200034131
In base 14, what is -ca + -db09?
-dbd5
In base 8, what is 2 - -41630670?
41630672
In base 11, what is 65297 + -8aa?
64498
In base 6, what is 52024515 + -5?
52024510
In base 12, what is -18a64898 - 2?
-18a6489a
In base 14, what is 20a0b9 + -9?
20a0b0
In base 4, what is -31303 - 13300012?
-13331321
In base 9, what is 205 - 1632728?
-1632523
In base 3, what is 10222020211000022 + 2?
10222020211000101
In base 8, what is -110 - -35426541?
35426431
In base 7, what is -146 - 32104254?
-32104433
In base 4, what is 11 - 1002330103002?
-1002330102331
In base 8, what is -32 + 152342172?
152342140
In base 5, what is -2341 - 1021421331?
-1021424222
In base 10, what is -387244274 - 3?
-387244277
In base 15, what is 65b69 - b80?
64ed9
In base 16, what is -eaaf + 6c05?
-7eaa
In base 2, what is 1111001100110 + 100100100111?
10011110001101
In base 10, what is -757210 + 306?
-756904
In base 5, what is 430021010 + -3210?
430012300
In base 6, what is 1 + 155300155?
155300200
In base 12, what is 17 - 110aa732?
-110aa717
In base 6, what is -2 - 103053330?
-103053332
In base 15, what is 4138 + -1b0c?
252b
In base 11, what is -106 + -649?
-754
In base 13, what is 1767b + c2?
17770
In base 15, what is 5257 + 212?
5469
In base 4, what is 2101131312332 - 1?
2101131312331
In base 15, what is -5e03c8 - 7?
-5e03d0
In base 11, what is a6a658 - a?
a6a649
In base 5, what is -122231103311 - 1?
-122231103312
In base 16, what is -2 - -e8ae549?
e8ae547
In base 7, what is 2664 - -26506?
32503
In base 10, what is 35 - 27053316?
-27053281
In base 7, 